  {"id":23043,"date":"2023-07-13T15:22:18","date_gmt":"2023-07-13T13:22:18","guid":{"rendered":"https:\/\/www.dbu.de\/projektdatenbank\/20094-01\/"},"modified":"2023-07-13T15:22:20","modified_gmt":"2023-07-13T13:22:20","slug":"20094-01","status":"publish","type":"projektdatenbank","link":"https:\/\/www.dbu.de\/en\/projektdatenbank\/20094-01\/","title":{"rendered":"Aus- und Weiterbildung von Wanderf\u00fchrern mit dem Schwerpunkt Nachhaltigkeit und Agenda 21"},"content":{"rendered":"<p>Zielsetzung und Anlass des Vorhabens<\/p>\n<p>In der am 05.05.2001 mit der Landesregierung abgeschlossenen Kooperationsvereinbarung \u00fcbernimmt der Landesverband Nds. Deutscher Gebirgs- und Wandervereine die freiwillige Verpflichtung, im Rahmen seiner Satzungsgem\u00e4\u00dfen Aufgaben an der nachhaltigen Entwicklung des Agenda Prozesses von Rio mitzuwirken. Mit dem von der Deutschen Bundesstiftung Umwelt gef\u00f6rderten Projekt  Aus- und Weiterbildung von Wanderf\u00fchrern mit dem Schwerpunkt Nachhaltigkeit und Agenda 21 will der Landesverband in Kooperation mit dem Land Mitglieder dazu ausbilden, den Wanderern die Belange der Natur n\u00e4her zu bringen und f\u00fcr ein umweltbewusstes Handeln zu werben. Des Weiteren soll durch die Wanderf\u00fchrer Aus- und Weiterbildung der weit verbreiteten Bewegungsarmut entgegen gewirkt und damit ein wesentlicher Beitrag zu einer nachhaltigen Gesundheitsf\u00f6rderung geleistet werden.<\/p>\n<p>Darstellung der Arbeitsschritte und der angewandten MethodenMit der Umsetzung des Projektes befasste sich am 27. Mai 2002 ein Arbeitskreis bestehend aus Mitgliedern des Verbandsvorstandes sowie von Fachwarten f\u00fcr Wandern und Naturschutz. Zur Aus- und Weiterbildung von Wanderf\u00fchrern wurden bei einer Laufzeit vom 22.04.02 &#8211; 22.04.03 drei Seminare beschlossen.<br \/>\n1.\tEin Wochenendlehrgang im Verbandsgebiet des Harzklubs an 3 Wochenenden in der Zeit vom 18.10.02 &#8211; 10.11.02 in Schulenberg, Oberharz<br \/>\n2.\tEin Wochenlehrgang im Verbandsgebiet des Wanderverbandes Norddeutschland in der Zeit vom 08.02. &#8211; 16.02.2003 im Landkreis L\u00fcchow-Dannenberg<br \/>\n3.\tEin Wochenendlehrgang im Verbandsgebiet des Teutoburger Waldvereins in der Zeit vom 08.03. &#8211; 23.03.2003 in Bad Rothenfelde, Landkreis Osnabr\u00fcck<br \/>\nDas 1. Seminar ist als Pilotprojekt geplant, bei welchem Erfahrungen und Erkenntnisse gesammelt werden, die bei den beiden nachfolgenden Lehrg\u00e4ngen ber\u00fccksichtigt werden k\u00f6nnen.<br \/>\nGrundlage der 3 Lehrg\u00e4nge bildet der f\u00fcr alle Mitgliedsvereine verbindliche Rahmenplan f\u00fcr die Ausbildung von Wanderf\u00fchrern und Wanderf\u00fchrerinnen.<\/p>\n<p>Ergebnisse und Diskussion<\/p>\n<p>Wanderverb\u00e4nde haben sich h\u00e4ufig mit der irref\u00fchrenden Unterscheidung zwischen Natursch\u00fctzern und Naturn\u00fctzern auseinander zu setzen, wobei Wanderer den Naturn\u00fctzern zugeordnet werden. Es ist ein Anliegen der Wanderverb\u00e4nde, die Naturschutz als Satzungsziel festgelegt haben, Wanderern den unmittelbaren Zugang zur Natur zu vermitteln und zum umweltbewussten Handeln anzuregen. Diese Aufgabe stellt sich den Wandervereinen in besonderer Weise, da zu ihnen Mitglieder mit ganz unterschiedlichen Interessen sto\u00dfen, von denen manche mit dem Naturschutz erst noch vertraut gemacht werden m\u00fcssen.<br \/>\nDie praktische Umsetzung ist Aufgabe entsprechend qualifizierter Wanderf\u00fchrerinnen und Wanderf\u00fchrer.<br \/>\nDeren Schulung mit dem vorrangigen Thema Naturschutz bei Themenwanderungen dienten die im Rahmen des Projektes Aus- und Weiterbildung von Wanderf\u00fchrern mit dem Schwerpunkt Nachhaltigkeit und Agenda 21 durchgef\u00fchrten drei Wanderf\u00fchrerlehrg\u00e4nge.<br \/>\nVon kompetenten Referenten wurden den Lehrgangsteilnehmern Kenntnisse und Inhalte der Landschaft und die F\u00e4higkeiten, diese darzustellen, vermittelt. Wanderf\u00fchrer sollten jede Wanderung so gestalten, dass sie f\u00fcr die Teilnehmer zu einem Naturerlebnis wird mit der Erkenntnis, Natur und Landschaft nach-haltig zu sch\u00fctzen, so dass Natur n\u00fctzen und Natur sch\u00fctzen beim Wandern keinen Widerspruch, sondern eine sinnvolle und fruchtbare Kombination darstellen, die dem Naturschutz neue Kraft und Perspektive bietet.<br \/>\nDie im Kostenplan festgelegten f\u00f6rderungsf\u00e4higen Gesamtkosten von 51.360 EUR wurden um rd. 4.000 EURO \u00fcberschritten; es mussten somit zus\u00e4tzliche Eigenleistungen eingebracht werden<\/p>\n<p>\u00d6ffentlichkeitsarbeit und Pr\u00e4sentation<\/p>\n<p>Die neun Mitgliedsvereine des Landesverbandes gaben das gef\u00f6rderte Projekt ihren Untergliederungen in Niedersachsen und in den Zust\u00e4ndigkeitsbereichen von Nachbarl\u00e4ndern bekannt. Zu den Er\u00f6ffnungen der drei Lehrg\u00e4nge erhielten Repr\u00e4sentanten von Kommunen der Veranstaltungsorte Einladungen, die Gru\u00dfworte anboten. Nach Abschluss der Lehrg\u00e4nge berichtete die Lokalpresse der drei Lehrgangs-standorte \u00fcber den erfolgreichen Verlauf.<br \/>\nDie Er\u00f6ffnung des dritten Lehrganges in Bad Rothenfelde durch den Landrat des Landkreises Osnabr\u00fcck Manfred Hugo und das Referat des B\u00fcrgermeisters der Stadt Melle und Vorsitzenden des Tourismusverbandes Minister a.D. Josef Stock, boten Gelegenheit zur Berichterstattung im lokalen H\u00f6rfunk mit dem Vorsitzenden des Landesverbandes Prof. Dr. Clemens Arkenstette und dem Fachwart f\u00fcr Naturschutz Wilhelm Bruns.<br \/>\nBeim 13. Reisepavillon vom 31. Januar bis 2. Februar 2003 in Hannover pr\u00e4sentierte der Landesverband das Projekt am Informationsstand des Verbandes Deutscher Gebirgs &#8211; und Wandervereine.<\/p>\n<p>Fazit<\/p>\n<p>Das F\u00f6rderprojekt umfasste drei Lehrg\u00e4nge zur Aus- und Weiterbildung von Wanderf\u00fchrern mit dem Schwerpunkt Nachhaltigkeit und Agenda 21 mit jeweils 60 Unterrichtsstunden.<br \/>\nEs wurden zwei Lehrg\u00e4nge als Wochenendveranstaltungen an jeweils drei Wochenenden und ein Kompaktlehrgang als Wochenveranstaltung durchgef\u00fchrt. Dabei erwies sich der Kompaktlehrgang als das effektivere Angebot. Bei evtl. Wiederholung sollte dem Wochenlehrgang Vorzug gegeben werden.<br \/>\nDie Teilnehmer waren hochmotiviert und werden die in Theorie und Praxis erworbenen Kenntnisse als Wanderf\u00fchrer weitergeben.Mit den \u00fcberreichten Zertifikaten sind die 59 Teilnehmer als offizielle Wanderf\u00fchrer ausgewiesen worden.<\/p>\n","protected":false},"excerpt":{"rendered":"<p>Zielsetzung und Anlass des Vorhabens In der am 05.05.2001 mit der Landesregierung abgeschlossenen Kooperationsvereinbarung \u00fcbernimmt der Landesverband Nds. Deutscher Gebirgs- und Wandervereine die freiwillige Verpflichtung, im Rahmen seiner Satzungsgem\u00e4\u00dfen Aufgaben an der nachhaltigen Entwicklung des Agenda Prozesses von Rio mitzuwirken. Mit dem von der Deutschen Bundesstiftung Umwelt gef\u00f6rderten Projekt Aus- und Weiterbildung von Wanderf\u00fchrern mit [&hellip;]<\/p>\n","protected":false},"author":1,"featured_media":0,"template":"","meta":{"footnotes":""},"categories":[],"tags":[50,64,2423],"class_list":["post-23043","projektdatenbank","type-projektdatenbank","status-publish","hentry","tag-naturschutz","tag-niedersachsen","tag-umweltkommunikation"],"meta_box":{"dbu_projektdatenbank_az_ges":"20094\/01","dbu_projektdatenbank_medien":"","dbu_projektdatenbank_pdfdatei":"A-20094.pdf","dbu_projektdatenbank_bsumme":"25.680,00","dbu_projektdatenbank_firma":"Verband Deutscher Gebirgs- und Wandervereine e. V.Landesverband Niedersachsenc\/o Rathaus Osnabr\u00fcck","dbu_projektdatenbank_strasse":"Bierstr. 28","dbu_projektdatenbank_plz_str":"49074","dbu_projektdatenbank_ort_str":"Osnabr\u00fcck","dbu_projektdatenbank_p_von":"2002-04-22 00:00:00","dbu_projektdatenbank_p_bis":"2003-04-22 00:00:00","dbu_projektdatenbank_laufzeit":"1 Jahr","dbu_projektdatenbank_telefon":"0541\/2020498","dbu_projektdatenbank_inet":"www.wanderverband.de","dbu_projektdatenbank_bundesland":"Niedersachsen","dbu_projektdatenbank_foerderber":"91","dbu_projektdatenbank_ab_bericht":"","dbu_projektdatenbank_ist_nachbewilligung_von":"","dbu_projektdatenbank_hat_nachbewilligung":"","dbu_headerimage_cover":"","dbu_submenu":"","dbu_submenu_position":"","dbu_submenu_entry":[]},"_links":{"self":[{"href":"https:\/\/www.dbu.de\/en\/wp-json\/wp\/v2\/projektdatenbank\/23043","targetHints":{"allow":["GET"]}}],"collection":[{"href":"https:\/\/www.dbu.de\/en\/wp-json\/wp\/v2\/projektdatenbank"}],"about":[{"href":"https:\/\/www.dbu.de\/en\/wp-json\/wp\/v2\/types\/projektdatenbank"}],"author":[{"embeddable":true,"href":"https:\/\/www.dbu.de\/en\/wp-json\/wp\/v2\/users\/1"}],"version-history":[{"count":1,"href":"https:\/\/www.dbu.de\/en\/wp-json\/wp\/v2\/projektdatenbank\/23043\/revisions"}],"predecessor-version":[{"id":36046,"href":"https:\/\/www.dbu.de\/en\/wp-json\/wp\/v2\/projektdatenbank\/23043\/revisions\/36046"}],"wp:attachment":[{"href":"https:\/\/www.dbu.de\/en\/wp-json\/wp\/v2\/media?parent=23043"}],"wp:term":[{"taxonomy":"category","embeddable":true,"href":"https:\/\/www.dbu.de\/en\/wp-json\/wp\/v2\/categories?post=23043"},{"taxonomy":"post_tag","embeddable":true,"href":"https:\/\/www.dbu.de\/en\/wp-json\/wp\/v2\/tags?post=23043"}],"curies":[{"name":"wp","href":"https:\/\/api.w.org\/{rel}","templated":true}]}}

Aus- und Weiterbildung von Wanderführern mit dem Schwerpunkt Nachhaltigkeit und Agenda 21

<p>Zielsetzung und Anlass des Vorhabens</p>
<p>In der am 05.05.2001 mit der Landesregierung abgeschlossenen Kooperationsvereinbarung übernimmt der Landesverband Nds. Deutscher Gebirgs- und Wandervereine die freiwillige Verpflichtung, im Rahmen seiner Satzungsgemäßen Aufgaben an der nachhaltigen Entwicklung des Agenda Prozesses von Rio mitzuwirken. Mit dem von der Deutschen Bundesstiftung Umwelt geförderten Projekt  Aus- und Weiterbildung von Wanderführern mit dem Schwerpunkt Nachhaltigkeit und Agenda 21 will der Landesverband in Kooperation mit dem Land Mitglieder dazu ausbilden, den Wanderern die Belange der Natur näher zu bringen und für ein umweltbewusstes Handeln zu werben. Des Weiteren soll durch die Wanderführer Aus- und Weiterbildung der weit verbreiteten Bewegungsarmut entgegen gewirkt und damit ein wesentlicher Beitrag zu einer nachhaltigen Gesundheitsförderung geleistet werden.</p>
<p>Darstellung der Arbeitsschritte und der angewandten MethodenMit der Umsetzung des Projektes befasste sich am 27. Mai 2002 ein Arbeitskreis bestehend aus Mitgliedern des Verbandsvorstandes sowie von Fachwarten für Wandern und Naturschutz. Zur Aus- und Weiterbildung von Wanderführern wurden bei einer Laufzeit vom 22.04.02 &#8211; 22.04.03 drei Seminare beschlossen.<br />
1.	Ein Wochenendlehrgang im Verbandsgebiet des Harzklubs an 3 Wochenenden in der Zeit vom 18.10.02 &#8211; 10.11.02 in Schulenberg, Oberharz<br />
2.	Ein Wochenlehrgang im Verbandsgebiet des Wanderverbandes Norddeutschland in der Zeit vom 08.02. &#8211; 16.02.2003 im Landkreis Lüchow-Dannenberg<br />
3.	Ein Wochenendlehrgang im Verbandsgebiet des Teutoburger Waldvereins in der Zeit vom 08.03. &#8211; 23.03.2003 in Bad Rothenfelde, Landkreis Osnabrück<br />
Das 1. Seminar ist als Pilotprojekt geplant, bei welchem Erfahrungen und Erkenntnisse gesammelt werden, die bei den beiden nachfolgenden Lehrgängen berücksichtigt werden können.<br />
Grundlage der 3 Lehrgänge bildet der für alle Mitgliedsvereine verbindliche Rahmenplan für die Ausbildung von Wanderführern und Wanderführerinnen.</p>
<p>Ergebnisse und Diskussion</p>
<p>Wanderverbände haben sich häufig mit der irreführenden Unterscheidung zwischen Naturschützern und Naturnützern auseinander zu setzen, wobei Wanderer den Naturnützern zugeordnet werden. Es ist ein Anliegen der Wanderverbände, die Naturschutz als Satzungsziel festgelegt haben, Wanderern den unmittelbaren Zugang zur Natur zu vermitteln und zum umweltbewussten Handeln anzuregen. Diese Aufgabe stellt sich den Wandervereinen in besonderer Weise, da zu ihnen Mitglieder mit ganz unterschiedlichen Interessen stoßen, von denen manche mit dem Naturschutz erst noch vertraut gemacht werden müssen.<br />
Die praktische Umsetzung ist Aufgabe entsprechend qualifizierter Wanderführerinnen und Wanderführer.<br />
Deren Schulung mit dem vorrangigen Thema Naturschutz bei Themenwanderungen dienten die im Rahmen des Projektes Aus- und Weiterbildung von Wanderführern mit dem Schwerpunkt Nachhaltigkeit und Agenda 21 durchgeführten drei Wanderführerlehrgänge.<br />
Von kompetenten Referenten wurden den Lehrgangsteilnehmern Kenntnisse und Inhalte der Landschaft und die Fähigkeiten, diese darzustellen, vermittelt. Wanderführer sollten jede Wanderung so gestalten, dass sie für die Teilnehmer zu einem Naturerlebnis wird mit der Erkenntnis, Natur und Landschaft nach-haltig zu schützen, so dass Natur nützen und Natur schützen beim Wandern keinen Widerspruch, sondern eine sinnvolle und fruchtbare Kombination darstellen, die dem Naturschutz neue Kraft und Perspektive bietet.<br />
Die im Kostenplan festgelegten förderungsfähigen Gesamtkosten von 51.360 EUR wurden um rd. 4.000 EURO überschritten; es mussten somit zusätzliche Eigenleistungen eingebracht werden</p>
<p>Öffentlichkeitsarbeit und Präsentation</p>
<p>Die neun Mitgliedsvereine des Landesverbandes gaben das geförderte Projekt ihren Untergliederungen in Niedersachsen und in den Zuständigkeitsbereichen von Nachbarländern bekannt. Zu den Eröffnungen der drei Lehrgänge erhielten Repräsentanten von Kommunen der Veranstaltungsorte Einladungen, die Grußworte anboten. Nach Abschluss der Lehrgänge berichtete die Lokalpresse der drei Lehrgangs-standorte über den erfolgreichen Verlauf.<br />
Die Eröffnung des dritten Lehrganges in Bad Rothenfelde durch den Landrat des Landkreises Osnabrück Manfred Hugo und das Referat des Bürgermeisters der Stadt Melle und Vorsitzenden des Tourismusverbandes Minister a.D. Josef Stock, boten Gelegenheit zur Berichterstattung im lokalen Hörfunk mit dem Vorsitzenden des Landesverbandes Prof. Dr. Clemens Arkenstette und dem Fachwart für Naturschutz Wilhelm Bruns.<br />
Beim 13. Reisepavillon vom 31. Januar bis 2. Februar 2003 in Hannover präsentierte der Landesverband das Projekt am Informationsstand des Verbandes Deutscher Gebirgs &#8211; und Wandervereine.</p>
<p>Fazit</p>
<p>Das Förderprojekt umfasste drei Lehrgänge zur Aus- und Weiterbildung von Wanderführern mit dem Schwerpunkt Nachhaltigkeit und Agenda 21 mit jeweils 60 Unterrichtsstunden.<br />
Es wurden zwei Lehrgänge als Wochenendveranstaltungen an jeweils drei Wochenenden und ein Kompaktlehrgang als Wochenveranstaltung durchgeführt. Dabei erwies sich der Kompaktlehrgang als das effektivere Angebot. Bei evtl. Wiederholung sollte dem Wochenlehrgang Vorzug gegeben werden.<br />
Die Teilnehmer waren hochmotiviert und werden die in Theorie und Praxis erworbenen Kenntnisse als Wanderführer weitergeben.Mit den überreichten Zertifikaten sind die 59 Teilnehmer als offizielle Wanderführer ausgewiesen worden.</p>

<p>Zielsetzung und Anlass des Vorhabens In der am 05.05.2001 mit der Landesregierung abgeschlossenen Kooperationsvereinbarung übernimmt der Landesverband Nds. Deutscher Gebirgs- und Wandervereine die freiwillige Verpflichtung, im Rahmen seiner Satzungsgemäßen Aufgaben an der nachhaltigen Entwicklung des Agenda Prozesses von Rio mitzuwirken. Mit dem von der Deutschen Bundesstiftung Umwelt geförderten Projekt Aus- und Weiterbildung von Wanderführern mit [&hellip;]</p>

Verband Deutscher Gebirgs- und Wandervereine e. V.Landesverband Niedersachsenc/o Rathaus Osnabrück

Osnabrück
